{"id":143,"date":"2016-05-19T17:13:20","date_gmt":"2016-05-19T17:13:20","guid":{"rendered":"http:\/\/test.kriesi.at\/enfold-health-coach\/?page_id=143"},"modified":"2021-03-16T22:23:26","modified_gmt":"2021-03-16T21:23:26","slug":"home","status":"publish","type":"page","link":"https:\/\/silvansalzmann.ch\/web\/","title":{"rendered":"Home"},"content":{"rendered":"<div id='fullscreen_slider_1' class='avia-fullscreen-slider main_color   avia-builder-el-0  el_before_av_layout_row  avia-builder-el-first  container_wrap sidebar_right' style=' '  ><a href='#next-section' title='' class='scroll-down-link av-control-hidden' aria-hidden='true' data-av_icon='\ue877' data-av_iconfont='entypo-fontello'><\/a><div  data-size='no scaling'  data-lightbox_size='large'  data-animation='fade'  data-conditional_play=''  data-ids='565,566'  data-video_counter='0'  data-autoplay='true'  data-bg_slider='true'  data-slide_height='100'  data-handle='av_fullscreen'  data-interval='5'  data-class=' '  data-css_id='fullscreen_slider_1'  data-scroll_down='aviaTBscroll_down'  data-control_layout='av-control-hidden'  data-custom_markup=''  data-perma_caption='aviaTBperma_caption'  data-autoplay_stopper=''  data-image_attachment=''  data-min_height='0px'  data-stretch=''  class='avia-slideshow avia-slideshow-1 av-slider-scroll-down-active av-control-hidden av-default-height-applied avia-slideshow-no scaling av_fullscreen   avia-fade-slider '  itemprop=\"ImageObject\" itemscope=\"itemscope\" itemtype=\"https:\/\/schema.org\/ImageObject\" ><ul class='avia-slideshow-inner ' style='padding-bottom: 66.666666666667%;' ><li style='background-position:center right;' data-img-url='https:\/\/silvansalzmann.ch\/web\/wp-content\/uploads\/2019\/03\/shutterstock_1204230646-Kopie.jpg' class=' slide-1 ' ><div data-rel='slideshow-1' class='avia-slide-wrap '   ><div class='av-section-color-overlay' style='opacity: 0.3; background-color: #000000; '><\/div><\/div><\/li><li style='background-position:center right;' data-img-url='https:\/\/silvansalzmann.ch\/web\/wp-content\/uploads\/2019\/03\/shutterstock_1273961911-Kopie.jpg' class=' slide-2 ' ><div data-rel='slideshow-1' class='avia-slide-wrap '   ><div class='av-section-color-overlay' style='opacity: 0.3; background-color: #000000; '><\/div><\/div><\/li><\/ul><div class='avia-slideshow-arrows avia-slideshow-controls'><a href='#prev' class='prev-slide' aria-hidden='true' data-av_icon='\ue87c' data-av_iconfont='entypo-fontello'>Zur\u00fcck<\/a><a href='#next' class='next-slide' aria-hidden='true' data-av_icon='\ue87d' data-av_iconfont='entypo-fontello'>Weiter<\/a><\/div><div class='avia-slideshow-dots avia-slideshow-controls'><a href='#1' class='goto-slide active' >1<\/a><a href='#2' class='goto-slide ' >2<\/a><\/div><div class = \"caption_fullwidth av-slideshow-caption caption_center\"><div class = \"container caption_container\"><div class = \"slideshow_caption\"><div class = \"slideshow_inner_caption\"><div class = \"slideshow_align_caption\"><h2  style='font-size:70px; ' class='avia-caption-title '  itemprop=\"name\" >Hi, ich bin Silvan Salzmann...<\/h2><div class='avia-caption-content  av_inherit_color'  itemprop=\"description\"   style='font-size:24px; '><p>&#8230;dein Personal Trainer!<\/p>\n<\/div><a href='https:\/\/silvansalzmann.ch\/web\/about\/'  class='avia-slideshow-button avia-button avia-color-light avia-multi-slideshow-button' data-duration='800' data-easing='easeInOutQuad'>Wer bin ich...<\/a><a href='https:\/\/silvansalzmann.ch\/web\/services\/'  class='avia-slideshow-button avia-button avia-color-blue avia-multi-slideshow-button avia-slideshow-button-2' data-duration='800' data-easing='easeInOutQuad'>Was biete ich an...<\/a><\/div><\/div><\/div><\/div><\/div><\/div><\/div>\n<div id='willkommen' class='av-layout-grid-container entry-content-wrapper main_color av-fixed-cells    avia-builder-el-1  el_after_av_fullscreen  el_before_av_layout_row  submenu-not-first container_wrap sidebar_right' style=' '  >\n<div class=\"flex_cell no_margin av_one_fourth  avia-builder-el-2  el_before_av_cell_one_fourth  avia-builder-el-first   av-zero-padding \" style='height:15px; min-height:15px;background: #14387f; vertical-align:top; padding:0px; background-color:#14387f; '><div class='flex_cell_inner' ><\/div><\/div><div class=\"flex_cell no_margin av_one_fourth  avia-builder-el-3  el_after_av_cell_one_fourth  el_before_av_cell_one_fourth   av-zero-padding \" style='height:15px; min-height:15px;background: #009fe3; vertical-align:top; padding:0px; background-color:#009fe3; '><div class='flex_cell_inner' ><\/div><\/div><div class=\"flex_cell no_margin av_one_fourth  avia-builder-el-4  el_after_av_cell_one_fourth  el_before_av_cell_one_fourth   av-zero-padding \" style='height:15px; min-height:15px;background: #bacef2; vertical-align:top; padding:0px; background-color:#bacef2; '><div class='flex_cell_inner' ><\/div><\/div><div class=\"flex_cell no_margin av_one_fourth  avia-builder-el-5  el_after_av_cell_one_fourth  avia-builder-el-last   av-zero-padding \" style='height:15px; min-height:15px;background: #e7ebf2; vertical-align:top; padding:0px; background-color:#e7ebf2; '><div class='flex_cell_inner' ><\/div><\/div>\n<\/div>\n<div id='hello' class='av-layout-grid-container entry-content-wrapper main_color av-flex-cells    avia-builder-el-6  el_after_av_layout_row  el_before_av_layout_row  submenu-not-first container_wrap sidebar_right' style=' '  >\n<div class=\"flex_cell no_margin av_one_half  avia-builder-el-7  el_before_av_cell_one_half  avia-builder-el-first   \" style='vertical-align:top; padding:100px; '><div class='flex_cell_inner' ><p><div style='padding-bottom:30px; font-size:70px;' class='av-special-heading av-special-heading-h1  blockquote modern-quote  avia-builder-el-8  el_before_av_textblock  avia-builder-el-first   av-inherit-size '><h1 class='av-special-heading-tag '  itemprop=\"headline\"  >Zeit zum Durchstarten!<\/h1><div class='special-heading-border'><div class='special-heading-inner-border' ><\/div><\/div><\/div><br \/>\n<section class=\"av_textblock_section \"  itemscope=\"itemscope\" itemtype=\"https:\/\/schema.org\/CreativeWork\" ><div class='avia_textblock  '   itemprop=\"text\" ><p>Du m\u00f6chtest fitter und ges\u00fcnder werden? Ein paar Pfunde verlieren oder dich einfach regelm\u00e4ssiger bewegen? Dir fehlt Zeit und Antrieb, um den inneren Schweinehund zu besiegen? Dann bist du bei mir richtig!!!<\/p>\n<\/div><\/section><br \/>\n<div style='height:20px' class='hr hr-invisible   avia-builder-el-10  el_after_av_textblock  el_before_av_textblock '><span class='hr-inner ' ><span class='hr-inner-style'><\/span><\/span><\/div><br \/>\n<section class=\"av_textblock_section \"  itemscope=\"itemscope\" itemtype=\"https:\/\/schema.org\/CreativeWork\" ><div class='avia_textblock  '  style='font-size:29px; '  itemprop=\"text\" ><p><span style=\"text-decoration: underline;\">Ich unterst\u00fctze dich beim Erreichen deiner Ziele! Es ist Zeit zum Durchstarten!<br \/>\n<\/span><\/p>\n<\/div><\/section><\/p>\n<\/div><\/div><div class=\"flex_cell no_margin av_one_half  avia-builder-el-12  el_after_av_cell_one_half  avia-builder-el-last   avia-full-stretch \" style='background:url(https:\/\/silvansalzmann.ch\/web\/wp-content\/uploads\/2019\/03\/shutterstock_1090948673-1030x687.jpg) center right no-repeat scroll #009fe3; vertical-align:top; padding:100px; background-color:#009fe3; '><div class='flex_cell_inner' ><\/div><\/div>\n<\/div>\n<div id='welcome' class='av-layout-grid-container entry-content-wrapper main_color av-fixed-cells    avia-builder-el-13  el_after_av_layout_row  el_before_av_masonry_entries  submenu-not-first container_wrap sidebar_right' style=' '  >\n<div class=\"flex_cell no_margin av_one_fifth  avia-builder-el-14  el_before_av_cell_three_fifth  avia-builder-el-first   av-zero-padding \" style='height:15px; min-height:15px;background: #14387f; vertical-align:top; padding:0px; background-color:#14387f; '><div class='flex_cell_inner' ><\/div><\/div><div class=\"flex_cell no_margin av_three_fifth  avia-builder-el-15  el_after_av_cell_one_fifth  el_before_av_cell_one_fifth   \" style='height:15px; min-height:15px;background: #bacef2; vertical-align:middle; padding:50px 20px 50px 20px ; background-color:#bacef2; '><div class='flex_cell_inner' ><div style='padding-bottom:0px; color:#ffffff;font-size:50px;' class='av-special-heading av-special-heading-h1 custom-color-heading blockquote modern-quote modern-centered  avia-builder-el-16  avia-builder-el-no-sibling   av-inherit-size '><h1 class='av-special-heading-tag '  itemprop=\"headline\"  >Was ich anbiete&#8230;<\/h1><div class='special-heading-border'><div class='special-heading-inner-border' style='border-color:#ffffff'><\/div><\/div><\/div>\n<\/div><\/div><div class=\"flex_cell no_margin av_one_fifth  avia-builder-el-17  el_after_av_cell_three_fifth  avia-builder-el-last   av-zero-padding \" style='height:15px; min-height:15px;background: #14387f; vertical-align:top; padding:0px; background-color:#14387f; '><div class='flex_cell_inner' ><\/div><\/div>\n<\/div>\n<div id='av-masonry-1' class='av-masonry  noHover av-fixed-size av-large-gap av-hover-overlay-active av-masonry-animation-active av-masonry-col-3 av-caption-on-hover-hide av-caption-style-overlay    ' style='background-color:#bacef2; ' ><div class='av-masonry-container isotope av-js-disabled ' ><div class='av-masonry-entry isotope-item av-masonry-item-no-image '><\/div><a href=\"https:\/\/silvansalzmann.ch\/web\/portfolio-item\/physical-health\/\" id='av-masonry-1-item-363' data-av-masonry-item='363' class='av-masonry-entry isotope-item post-363 portfolio type-portfolio status-publish has-post-thumbnail hentry tag-allgemeine-fitness tag-funktionelle-uebungen tag-koordination tag-koerpergewicht tag-personal-training portfolio_entries-service  av-masonry-item-with-image av-grid-img' title=\"Physical Health\"  itemscope=\"itemscope\" itemtype=\"https:\/\/schema.org\/CreativeWork\" ><div class='av-inner-masonry-sizer'><\/div><figure class='av-inner-masonry main_color'><div class=\"av-masonry-outerimage-container\"><div class=\"av-masonry-image-container\" style=\"background-image: url(https:\/\/silvansalzmann.ch\/web\/wp-content\/uploads\/2016\/05\/woman-running-1-705x470.jpg);\" title=\"Physical Health\" ><\/div><\/div><figcaption class='av-inner-masonry-content site-background'><div class='av-inner-masonry-content-pos'><div class='av-inner-masonry-content-pos-content'><div class='avia-arrow'><\/div><h3 class='av-masonry-entry-title entry-title'  itemprop=\"headline\" >Personal Training<\/h3><\/div><\/div><\/figcaption><\/figure><\/a><!--end av-masonry entry--><a href=\"https:\/\/silvansalzmann.ch\/web\/portfolio-item\/mental-health\/\" id='av-masonry-1-item-365' data-av-masonry-item='365' class='av-masonry-entry isotope-item post-365 portfolio type-portfolio status-publish has-post-thumbnail hentry tag-personal-training tag-trainingsplan portfolio_entries-service  av-masonry-item-with-image av-grid-img' title=\"shutterstock_528072109\"  itemscope=\"itemscope\" itemtype=\"https:\/\/schema.org\/CreativeWork\" ><div class='av-inner-masonry-sizer'><\/div><figure class='av-inner-masonry main_color'><div class=\"av-masonry-outerimage-container\"><div class=\"av-masonry-image-container\" style=\"background-image: url(https:\/\/silvansalzmann.ch\/web\/wp-content\/uploads\/2019\/03\/shutterstock_528072109-705x470.jpg);\" title=\"shutterstock_528072109\" ><\/div><\/div><figcaption class='av-inner-masonry-content site-background'><div class='av-inner-masonry-content-pos'><div class='av-inner-masonry-content-pos-content'><div class='avia-arrow'><\/div><h3 class='av-masonry-entry-title entry-title'  itemprop=\"headline\" >Outdoor Workout<\/h3><\/div><\/div><\/figcaption><\/figure><\/a><!--end av-masonry entry--><a href=\"https:\/\/silvansalzmann.ch\/web\/portfolio-item\/nutrition\/\" id='av-masonry-1-item-364' data-av-masonry-item='364' class='av-masonry-entry isotope-item post-364 portfolio type-portfolio status-publish has-post-thumbnail hentry tag-gesunder-lebensstil tag-gesundheit tag-positives-denken portfolio_entries-service  av-masonry-item-with-image av-grid-img' title=\"Nutrition\"  itemscope=\"itemscope\" itemtype=\"https:\/\/schema.org\/CreativeWork\" ><div class='av-inner-masonry-sizer'><\/div><figure class='av-inner-masonry main_color'><div class=\"av-masonry-outerimage-container\"><div class=\"av-masonry-image-container\" style=\"background-image: url(https:\/\/silvansalzmann.ch\/web\/wp-content\/uploads\/2016\/05\/complete-healthy-breakfast-m-1-705x502.jpg);\" title=\"Nutrition\" ><\/div><\/div><figcaption class='av-inner-masonry-content site-background'><div class='av-inner-masonry-content-pos'><div class='av-inner-masonry-content-pos-content'><div class='avia-arrow'><\/div><h3 class='av-masonry-entry-title entry-title'  itemprop=\"headline\" >Gesundheit<\/h3><\/div><\/div><\/figcaption><\/figure><\/a><!--end av-masonry entry--><\/div><\/div>\n<div id='av_section_1' class='avia-section main_color avia-section-huge avia-no-shadow avia-bg-style-scroll  avia-builder-el-19  el_after_av_masonry_entries  el_before_av_layout_row   container_wrap sidebar_right' style=' '  ><div class='container' ><div class='template-page content  av-content-small alpha units'><div class='post-entry post-entry-type-page post-entry-143'><div class='entry-content-wrapper clearfix'>\n<div class=\"flex_column av_one_half  flex_column_div av-zero-column-padding first  avia-builder-el-20  el_before_av_one_half  avia-builder-el-first  \" style='border-radius:0px; '><article class=\"iconbox iconbox_left_content    avia-builder-el-21  avia-builder-el-no-sibling  \"  itemscope=\"itemscope\" itemtype=\"https:\/\/schema.org\/CreativeWork\" ><div class=\"iconbox_icon heading-color \" aria-hidden='true' data-av_icon='\uf108' data-av_iconfont='lifestyles'  ><\/div><div class=\"iconbox_content\"><header class=\"entry-content-header\"><h3 class='iconbox_content_title '  itemprop=\"headline\"  >Personal Training 1:1<\/h3><\/header><div class='iconbox_content_container  '  itemprop=\"text\"  ><p class=\"EinfAbs\" style=\"line-height: 150%; tab-stops: 1.0cm;\">So kannst du am meisten profitieren. Ich kann mich voll auf dich konzentrieren. Du profitierst von meinem Fachwissen und meiner Kompetenz.<\/p>\n<\/div><\/div><footer class=\"entry-footer\"><\/footer><\/article><\/div><div class=\"flex_column av_one_half  flex_column_div av-zero-column-padding   avia-builder-el-22  el_after_av_one_half  el_before_av_one_half  \" style='border-radius:0px; '><article class=\"iconbox iconbox_left_content    avia-builder-el-23  avia-builder-el-no-sibling  \"  itemscope=\"itemscope\" itemtype=\"https:\/\/schema.org\/CreativeWork\" ><div class=\"iconbox_icon heading-color \" aria-hidden='true' data-av_icon='\uf116' data-av_iconfont='lifestyles'  ><\/div><div class=\"iconbox_content\"><header class=\"entry-content-header\"><h3 class='iconbox_content_title '  itemprop=\"headline\"  >Personal Training 1:2<\/h3><\/header><div class='iconbox_content_container  '  itemprop=\"text\"  ><p>Zu zweit trainieren macht doppelt soviel Spass. Ideal f\u00fcr z.B. Paare, die gerne etwas zusammen machen wollen.<\/p>\n<\/div><\/div><footer class=\"entry-footer\"><\/footer><\/article><\/div><div class=\"flex_column av_one_half  flex_column_div av-zero-column-padding first  avia-builder-el-24  el_after_av_one_half  el_before_av_one_half  column-top-margin\" style='border-radius:0px; '><article class=\"iconbox iconbox_left_content    avia-builder-el-25  avia-builder-el-no-sibling  \"  itemscope=\"itemscope\" itemtype=\"https:\/\/schema.org\/CreativeWork\" ><div class=\"iconbox_icon heading-color \" aria-hidden='true' data-av_icon='\uf109' data-av_iconfont='lifestyles'  ><\/div><div class=\"iconbox_content\"><header class=\"entry-content-header\"><h3 class='iconbox_content_title '  itemprop=\"headline\"  >Probetraining<\/h3><\/header><div class='iconbox_content_container  '  itemprop=\"text\"  ><p>Du und ich lernen uns gegenseitig besser kennen. Dein pers\u00f6nliches Ziel wird definiert. Und du erh\u00e4lst einen kleinen Einblick in eine Trainingseinheit von mir.<\/p>\n<\/div><\/div><footer class=\"entry-footer\"><\/footer><\/article><\/div><div class=\"flex_column av_one_half  flex_column_div av-zero-column-padding   avia-builder-el-26  el_after_av_one_half  avia-builder-el-last  column-top-margin\" style='border-radius:0px; '><article class=\"iconbox iconbox_left_content    avia-builder-el-27  avia-builder-el-no-sibling  \"  itemscope=\"itemscope\" itemtype=\"https:\/\/schema.org\/CreativeWork\" ><div class=\"iconbox_icon heading-color \" aria-hidden='true' data-av_icon='\uf124' data-av_iconfont='lifestyles'  ><\/div><div class=\"iconbox_content\"><header class=\"entry-content-header\"><h3 class='iconbox_content_title '  itemprop=\"headline\"  >Outdoor Workout<\/h3><\/header><div class='iconbox_content_container  '  itemprop=\"text\"  ><p>Wir trainieren draussen in der Natur \u2013 bei jedem Wetter. Es wird die Koordination, Schnelligkeit und die Kraft verbessert. Du wirst sehen, in einer Gruppe zu trainieren, macht mega Spass.<\/p>\n<\/div><\/div><footer class=\"entry-footer\"><\/footer><\/article><\/div><\/div><\/div><\/div><!-- close content main div --><\/div><\/div><div id='av-layout-grid-4' class='av-layout-grid-container entry-content-wrapper main_color av-flex-cells    avia-builder-el-28  el_after_av_section  el_before_av_layout_row  submenu-not-first container_wrap sidebar_right' style=' '  >\n<div class=\"flex_cell no_margin av_one_half  avia-builder-el-29  el_before_av_cell_one_half  avia-builder-el-first   avia-full-stretch av-zero-padding \" style='background:url(https:\/\/silvansalzmann.ch\/web\/wp-content\/uploads\/2016\/05\/yoga_me-1-1030x687.jpg) center left no-repeat scroll; vertical-align:middle; padding:0px; '><div class='flex_cell_inner' ><\/div><\/div><div class=\"flex_cell no_margin av_one_half  avia-builder-el-30  el_after_av_cell_one_half  avia-builder-el-last   \" style='vertical-align:middle; padding:100px; background-color:#f7f7f7; '><div class='flex_cell_inner' ><p><div style='padding-bottom:20px; font-size:50px;' class='av-special-heading av-special-heading-h1  blockquote modern-quote  avia-builder-el-31  el_before_av_textblock  avia-builder-el-first  av-inherit-size '><h1 class='av-special-heading-tag '  itemprop=\"headline\"  ><u>Du<\/u> solltest noch wissen&#8230;<\/h1><div class='special-heading-border'><div class='special-heading-inner-border' ><\/div><\/div><\/div><br \/>\n<section class=\"av_textblock_section \"  itemscope=\"itemscope\" itemtype=\"https:\/\/schema.org\/CreativeWork\" ><div class='avia_textblock  '   itemprop=\"text\" ><p>&#8230;dass ich neben einem guten Trainer im Bereich Sport und Fitness sicher auch ein guter Ansprechpartner f\u00fcr die eine oder andere Lebensfrage bin.<\/p>\n<\/div><\/section><\/p>\n<\/div><\/div>\n<\/div><\/p>\n<div id='welcome' class='av-layout-grid-container entry-content-wrapper main_color av-fixed-cells    avia-builder-el-33  el_after_av_layout_row  el_before_av_section  submenu-not-first container_wrap sidebar_right' style=' '  >\n<div class=\"flex_cell no_margin av_one_fourth  avia-builder-el-34  el_before_av_cell_one_fourth  avia-builder-el-first   av-zero-padding \" style='height:15px; min-height:15px;background: #14387f; vertical-align:top; padding:0px; background-color:#14387f; '><div class='flex_cell_inner' ><\/div><\/div><div class=\"flex_cell no_margin av_one_fourth  avia-builder-el-35  el_after_av_cell_one_fourth  el_before_av_cell_one_fourth   av-zero-padding \" style='height:15px; min-height:15px;background: #009fe3; vertical-align:top; padding:0px; background-color:#009fe3; '><div class='flex_cell_inner' ><\/div><\/div><div class=\"flex_cell no_margin av_one_fourth  avia-builder-el-36  el_after_av_cell_one_fourth  el_before_av_cell_one_fourth   av-zero-padding \" style='height:15px; min-height:15px;background: #bacef2; vertical-align:top; padding:0px; background-color:#bacef2; '><div class='flex_cell_inner' ><\/div><\/div><div class=\"flex_cell no_margin av_one_fourth  avia-builder-el-37  el_after_av_cell_one_fourth  avia-builder-el-last   av-zero-padding \" style='height:15px; min-height:15px;background: #e7ebf2; vertical-align:top; padding:0px; background-color:#e7ebf2; '><div class='flex_cell_inner' ><\/div><\/div>\n<\/div>\n<div id='av_section_2' class='avia-section alternate_color avia-section-huge avia-no-border-styling avia-full-stretch av-section-color-overlay-active avia-bg-style-fixed  avia-builder-el-38  el_after_av_layout_row  avia-builder-el-last   container_wrap sidebar_right' style='background-repeat: no-repeat; background-image: url(https:\/\/silvansalzmann.ch\/web\/wp-content\/uploads\/2016\/05\/cheese-1.jpg);background-attachment: fixed; background-position: center center;  '  data-section-bg-repeat='stretch'><div class='av-section-color-overlay-wrap'><div class='av-section-color-overlay' style='opacity: 0.8; background-color: #000000; '><\/div><div class='container' ><div class='template-page content  av-content-small alpha units'><div class='post-entry post-entry-type-page post-entry-143'><div class='entry-content-wrapper clearfix'>\n<div class=\"flex_column av_one_fifth  flex_column_div av-zero-column-padding first  avia-builder-el-39  el_before_av_three_fifth  avia-builder-el-first  \" style='border-radius:0px; '><\/div><div class=\"flex_column av_three_fifth  flex_column_div av-zero-column-padding   avia-builder-el-40  el_after_av_one_fifth  el_before_av_one_fifth  \" style='border-radius:0px; '><p><div style='padding-bottom:20px; color:#ffffff;font-size:50px;' class='av-special-heading av-special-heading-h1 custom-color-heading blockquote modern-quote modern-centered  avia-builder-el-41  el_before_av_textblock  avia-builder-el-first  av-inherit-size '><h1 class='av-special-heading-tag '  itemprop=\"headline\"  >Kontaktiere mich&#8230;<\/h1><div class='special-heading-border'><div class='special-heading-inner-border' style='border-color:#ffffff'><\/div><\/div><\/div><br \/>\n<section class=\"av_textblock_section \"  itemscope=\"itemscope\" itemtype=\"https:\/\/schema.org\/CreativeWork\" ><div class='avia_textblock  '   itemprop=\"text\" ><p style=\"text-align: center;\">&#8230;wenn du gerne ein Probetraining besuchen, oder gleich mit deinem individuellen Personal Training starten willst. Ich freue mich auf dich!<\/p>\n<\/div><\/section><br \/>\n<div style='height:20px' class='hr hr-invisible   avia-builder-el-43  el_after_av_textblock  el_before_av_button '><span class='hr-inner ' ><span class='hr-inner-style'><\/span><\/span><\/div><br \/>\n<div class='avia-button-wrap avia-button-center  avia-builder-el-44  el_after_av_hr  avia-builder-el-last '><a href='https:\/\/silvansalzmann.ch\/web\/contact\/'  class='avia-button av-icon-on-hover  avia-icon_select-yes-right-icon avia-color-light avia-size-large avia-position-center '   ><span class='avia_iconbox_title' >Kontakt<\/span><span class='avia_button_icon avia_button_icon_right' aria-hidden='true' data-av_icon='\ue879' data-av_iconfont='entypo-fontello'><\/span><\/a><\/div><\/p><\/div><div class=\"flex_column av_one_fifth  flex_column_div av-zero-column-padding   avia-builder-el-45  el_after_av_three_fifth  avia-builder-el-last  \" style='border-radius:0px; '><\/div>\n<\/div><\/div><\/div><!-- close content main div --><\/div><\/div><\/div><div id='after_section_2' class='main_color av_default_container_wrap container_wrap sidebar_right' style=' '  ><div class='container' ><div class='template-page content  av-content-small alpha units'><div class='post-entry post-entry-type-page post-entry-143'><div class='entry-content-wrapper clearfix'>\n","protected":false},"excerpt":{"rendered":"","protected":false},"author":1,"featured_media":0,"parent":0,"menu_order":0,"comment_status":"closed","ping_status":"closed","template":"","meta":[],"yoast_head":"<!-- This site is optimized with the Yoast SEO plugin v16.0.1 - https:\/\/yoast.com\/wordpress\/plugins\/seo\/ -->\n<title>Silvan Salzmann Personal Training - Home<\/title>\n<meta name=\"description\" content=\"Silvan Salzmann Personal Training verbessert deine allgemeine Fitness und deine Koordination. Funktionelle \u00dcbungen mit eigenem K\u00f6rpergewicht.\" \/>\n<link rel=\"canonical\" href=\"http:\/\/silvansalzmann.ch\/web\/\" \/>\n<meta property=\"og:locale\" content=\"de_DE\" \/>\n<meta property=\"og:type\" content=\"article\" \/>\n<meta property=\"og:title\" content=\"Silvan Salzmann Personal Training - Home\" \/>\n<meta property=\"og:description\" content=\"Silvan Salzmann Personal Training verbessert deine allgemeine Fitness und deine Koordination. Funktionelle \u00dcbungen mit eigenem K\u00f6rpergewicht.\" \/>\n<meta property=\"og:url\" content=\"http:\/\/silvansalzmann.ch\/web\/\" \/>\n<meta property=\"og:site_name\" content=\"Silvan Salzmann Personal Training\" \/>\n<meta property=\"article:modified_time\" content=\"2021-03-16T21:23:26+00:00\" \/>\n<meta name=\"twitter:card\" content=\"summary_large_image\" \/>\n<meta name=\"twitter:label1\" content=\"Gesch\u00e4tzte Lesezeit\">\n\t<meta name=\"twitter:data1\" content=\"5\u00a0Minuten\">\n<script type=\"application\/ld+json\" class=\"yoast-schema-graph\">{\"@context\":\"https:\/\/schema.org\",\"@graph\":[{\"@type\":\"WebSite\",\"@id\":\"http:\/\/silvansalzmann.ch\/web\/#website\",\"url\":\"http:\/\/silvansalzmann.ch\/web\/\",\"name\":\"Silvan Salzmann Personal Training\",\"description\":\"Zeit zum Durchstarten\",\"potentialAction\":[{\"@type\":\"SearchAction\",\"target\":\"http:\/\/silvansalzmann.ch\/web\/?s={search_term_string}\",\"query-input\":\"required name=search_term_string\"}],\"inLanguage\":\"de\"},{\"@type\":\"WebPage\",\"@id\":\"http:\/\/silvansalzmann.ch\/web\/#webpage\",\"url\":\"http:\/\/silvansalzmann.ch\/web\/\",\"name\":\"Silvan Salzmann Personal Training - Home\",\"isPartOf\":{\"@id\":\"http:\/\/silvansalzmann.ch\/web\/#website\"},\"datePublished\":\"2016-05-19T17:13:20+00:00\",\"dateModified\":\"2021-03-16T21:23:26+00:00\",\"description\":\"Silvan Salzmann Personal Training verbessert deine allgemeine Fitness und deine Koordination. Funktionelle \\u00dcbungen mit eigenem K\\u00f6rpergewicht.\",\"breadcrumb\":{\"@id\":\"http:\/\/silvansalzmann.ch\/web\/#breadcrumb\"},\"inLanguage\":\"de\",\"potentialAction\":[{\"@type\":\"ReadAction\",\"target\":[\"http:\/\/silvansalzmann.ch\/web\/\"]}]},{\"@type\":\"BreadcrumbList\",\"@id\":\"http:\/\/silvansalzmann.ch\/web\/#breadcrumb\",\"itemListElement\":[{\"@type\":\"ListItem\",\"position\":1,\"item\":{\"@type\":\"WebPage\",\"@id\":\"http:\/\/silvansalzmann.ch\/web\/\",\"url\":\"http:\/\/silvansalzmann.ch\/web\/\",\"name\":\"Startseite\"}},{\"@type\":\"ListItem\",\"position\":2,\"item\":{\"@type\":\"WebPage\",\"@id\":\"http:\/\/silvansalzmann.ch\/web\/\",\"url\":\"http:\/\/silvansalzmann.ch\/web\/\",\"name\":\"Home\"}}]}]}<\/script>\n<!-- \/ Yoast SEO plugin. -->","_links":{"self":[{"href":"https:\/\/silvansalzmann.ch\/web\/wp-json\/wp\/v2\/pages\/143"}],"collection":[{"href":"https:\/\/silvansalzmann.ch\/web\/wp-json\/wp\/v2\/pages"}],"about":[{"href":"https:\/\/silvansalzmann.ch\/web\/wp-json\/wp\/v2\/types\/page"}],"author":[{"embeddable":true,"href":"https:\/\/silvansalzmann.ch\/web\/wp-json\/wp\/v2\/users\/1"}],"replies":[{"embeddable":true,"href":"https:\/\/silvansalzmann.ch\/web\/wp-json\/wp\/v2\/comments?post=143"}],"version-history":[{"count":5,"href":"https:\/\/silvansalzmann.ch\/web\/wp-json\/wp\/v2\/pages\/143\/revisions"}],"predecessor-version":[{"id":638,"href":"https:\/\/silvansalzmann.ch\/web\/wp-json\/wp\/v2\/pages\/143\/revisions\/638"}],"wp:attachment":[{"href":"https:\/\/silvansalzmann.ch\/web\/wp-json\/wp\/v2\/media?parent=143"}],"curies":[{"name":"wp","href":"https:\/\/api.w.org\/{rel}","templated":true}]}}